 = 4*c(l) + 9*y(l). Suppose -5*z - 11 = 9. What is j(z)?
-1
Let i(y) be the third derivative of -y**6/240 - y**5/30 - y**4/12 + 3*y**2. Let j(d) be the second derivative of i(d). Determine j(-5).
11
Suppose -3*h - l = -0 - 3, 2*h - l = -3. Let x be -2 - -1 - h - -3. Let k = -3 - x. Let m(c) = -c**2 - 5*c - 2. Give m(k).
-2
Let i be (-23)/(-7) + (-6)/21. Let u(n) = 7*n**3 + 4 - 3*n**3 - 2*n + n**2 - 2*n**2. Let w(v) = 5*v**3 - 3*v + 5. Let f(c) = 4*u(c) - 3*w(c). Calculate f(i).
-5
Suppose 4*g = 4*u - 20, 4*g = 2*u + 3*g - 7. Let k(o) = -2 - u*o**2 + 5*o**2 - 2*o**2 + o**3. Give k(0).
-2
Let g(j) = j**3 + 5*j**2 - j - 1. Let i(v) = -3*v**2 - v. Let h be i(1). Let s be 1/(-2)*(-2)/(-1). Let a = s + h. Give g(a).
4
Let i = 3 + -10. Let p = -5 - i. Let z(v) = -v**3 + v**2 - 5*v**p - 4 + v + 2*v**3. What is z(4)?
0
Let c be (12/(-2))/(4 + 33/(-6)). Let f(l) be the third derivative of 0 + 1/3*l**3 + c*l**2 + 1/4*l**4 + 7/60*l**5 + 1/120*l**6 + 0*l. What is f(-6)?
2
Let q(n) = 23*n - n**2 + 31*n - 61*n - 1. Let b(g) = -8*g + 1. Let m be b(1). Give q(m).
-1
Let c = 13 - 19. Let p(v) = -v**3 - 6*v**2 - v - 8. Let a be p(c). Let y(i) = -i - 2. Determine y(a).
0
Let b = -2 + 1. Let i be 4*(-2)/4*b. Let m(n) = -n**3 + 2*n**2 - n + 1. What is m(i)?
-1
Let k(r) = -r - 4. Let g(a) = -a - 4. Let d(u) = -2*g(u) + 3*k(u). Let o(b) = b**3 - 5*b**2 - b + 2. Let j be o(5). Let n be d(j). Let p(w) = 5*w. Give p(n).
-5
Let g = -15 + 10. Suppose 0 = 5*j - 2*c + c - 25, -3*j = c - 15. Let o(i) = -1 - j*i - 2*i + 3*i + 5*i. Determine o(g).
-6
Let a(x) = -4*x**2 - x - 3. Let u(h) = 4*h**2 + 6*h**2 + 8 - 5*h**2 - 4 + 2*h. Let b(v) = 4*a(v) + 3*u(v). What is b(2)?
0
Suppose 3*k - 5 = -2. Let m be (69/15 + -4)*5. Let c = k + m. Let n(z) = z**2 - 3*z - 3. Give n(c).
1
Let x be ((-2)/(-3))/((-4)/(-18)). Suppose 0 = -3*y + 5*o - 26, 11 - x = 4*y + 4*o. Let r be (y + -1)*(-8)/(-6). Let p(s) = -s. Determine p(r).
4
Let q = -35 - -33. Let y(n) = 5*n**2 + 3*n + 1. Determine y(q).
15
Let f(r) = -r**2 + 6*r - 2. Let k be f(6). Let a(g) = 5921*g - 5923*g - 1 + 2. Give a(k).
5
Let w(k) = -4*k**2 + 2 + 4*k**2 - k**2 + k**3. Let c be 2/(-5) - (-88)/20. Suppose -3*l + 8*l + 3*o + 12 = 0, -l - o = c. Calculate w(l).
2
Let t(n) be the first derivative of -n**3/3 - 3*n**2 + 4*n + 4. Determine t(-6).
4
Let l be ((-16)/20)/(1*(-2)/5). Let z(a) = 2*a**3 - 3*a**2 + 3*a. Determine z(l).
10
Let i(c) = c - 4. Suppose 0 = -f - f + 14. Let t = f - 0. What is i(t)?
3
Let o be 2/((-3)/(-18)*3). Let b be (1 - o)/(9/(-15)). Suppose 0*s = -b*n - 4*s - 25, 5*s = 0. Let g(p) = -p**3 - 6*p**2 - 6*p - 5. Give g(n).
0
Let g be (-15)/(-2)*-3*2/(-9). Let z(c) = -c**2 + 4*c - 5. Determine z(g).
-10
Let d(q) = -q**2 + q + 1. Let o be (-1 + 2)/(14/(-14)). Let k(i) = 3*i**2 - 10*i - 1. Let c(j) = o*k(j) - 2*d(j). Calculate c(6).
11
Let z(x) be the second derivative of x**4/12 - 5*x**3/6 - 5*x. Determine z(4).
-4
Let q(m) = -6*m + 2. Let d(i) = -5*i + 1. Let n = -26 - -31. Let c(w) = n*d(w) - 4*q(w). What is c(3)?
-6
Let b = 3 - 1. Let k(w) = w**2 - 3*w + 3. Calculate k(b).
1
Let q(s) = s**3 + 9*s**2 + s + 3. Suppose 3*i - 3*y = -33, i = 5*y - y - 17. Give q(i).
-6
Let z be 29/(-9) - 4/(-18). Let l(t) = t**2 + 10*t + 6. Let p(w) = 2*w**2 + 19*w + 11. Let b(f) = 11*l(f) - 6*p(f). Give b(z).
3
Let t(o) = 2*o**3 - 4*o**2 + o + 6. Let m(r) = 3*r**3 - 3*r**2 + r + 5. Let v = 19 + -24. Let d(q) = v*t(q) + 6*m(q). Give d(-1).
-7
Let c = 16 + -22. Let q be 7/(-3) - 2/c. Let a(o) = 14*o - 3*o + 2*o**2 - 8*o. Determine a(q).
2
Let f be 2 - 2 - (-1 + 6). Let u(c) = -c - 6. Let r be u(f). Let w(o) = -3*o**2 + 1. Calculate w(r).
-2
Suppose -39 + 3 = 4*b. Let a = 3 + b. Let x(k) = -3*k - 8. What is x(a)?
10
Suppose 5*j - 29 = 4*z, -3*z - 8 = -j - 0*j. Let a(x) be the third derivative of -x**2 - 1/24*x**4 - 1/6*x**3 + 0*x**5 + 1/40*x**6 + 0*x + 0. Calculate a(z).
-3
Let r(q) = -5*q + q**3 - q**2 + 3*q**2 - 3 + 0*q. Give r(-4).
-15
Let c(x) be the third derivative of x**5/60 + x**4/12 - x**3/2 - x**2. What is c(-4)?
5
Suppose -8 - 4 = -i. Let r be (16/6)/(i/18). Let j(m) = m - 4. Determine j(r).
0
Suppose 5 = d, 20 = r + 2*d + 2*d. Suppose 0 = -r*z - 3*z. Suppose z*q - 5 = -q. Let j(y) = 2*y - 4. Calculate j(q).
6
Let y(c) = c**3 + 5*c**2 + 6*c + 3. Let u be y(-4). Let r(d) = -d + 7. Let l be r(5). Let h = u + l. Let z(g) = g - 1. Determine z(h).
-4
Let i(k) = 5*k**2. Suppose -4*s - 3 - 5 = 2*q, -5*s - 9 = 2*q. Let t be (-3)/2*q/3. Give i(t).
5
Let j(h) = -6*h. Suppose -4*u + 7*u - 27 = 0. Let p be u/3*-1 - -1. Calculate j(p).
12
Let v be (5/2)/(3/6). Let h(j) = j**2 - 3*j + 2. Give h(v).
12
Let m(w) = w**2 - 8*w - 7. Let p(k) = k**2 - 7*k - 7. Let d(x) = 3*m(x) - 4*p(x). Let r(v) = 6*v**2 + v. Let i be r(-1). What is d(i)?
2
Let u be 9 + (3 - (9 + -2)). Let y(a) = -3*a. What is y(u)?
-15
Let a(y) = -y**3 + 4*y**2 + 3*y + 2. Let v(o) = o**3 + 6*o**2 + 5. Let f be v(-6). Determine a(f).
-8
Let g = -23 - -19. Let v(z) = 5*z + 6. Determine v(g).
-14
Let k = 10 + 2. Suppose k*i - 14*i = 2. Let b(r) = -8*r**2 - r. What is b(i)?
-7
Let p(n) be the third derivative of -n**7/1260 - n**6/720 + n**4/24 + n**2. Let d(m) be the second derivative of p(m). Suppose 5*r = 3 - 13. Calculate d(r).
-6
Suppose 0 = 12*k - 39*k - 81. Let y(q) = -2*q + q**2 + q + 2 + 2*q. Calculate y(k).
8
Suppose -5*c - 2*j = -c + 22, -3*c + 3 = -5*j. Let a be (10/15)/(c/(-30)). Let s(u) = -u - 5. What is s(a)?
-10
Let f(s) = s**3 + 1. Suppose -l - 4 = -3. What is f(l)?
0
Let p be (-2 + -1)*5/3. Let j(c) = 2*c - 10. Let g be j(7). Let z(q) = g*q + 4 + 1 - 4 + q**2. Calculate z(p).
6
Let j(f) = 4*f**3 - 2*f**2 - 2*f + 4. Let y(o) = o**3 - o**2 + o + 1. Let w(q) = j(q) - 3*y(q). What is w(-4)?
-27
Let u = 15 + -21. Let n(c) = -8*c + 8. Let a(b) = -3*b + 3. Let j(v) = 11*a(v) - 4*n(v). Calculate j(u).
7
Let s(m) = -m - 5. Let d(t) = t**3 - 4*t**2 + 2*t - 3. Suppose 0 = -3*h + 2 + 7. Let c be d(h). Give s(c).
1
Let c(s) = -3*s**3 - 32*s**2 - 12*s + 9. Let l(t) = -t**3 - 11*t**2 - 4*t + 3. Let i(v) = 6*c(v) - 17*l(v). Calculate i(-4).
3
Suppose -32*f = -31*f - 1. Let j(b) = 18*b**3 - 2*b**2 + b. What is j(f)?
17
Suppose 5*i - 7 - 3 = s, -2*s = 0. Suppose i = -3*m + 5. Let c(n) = -8*n + 1 + 1 + 0*n - 3. Calculate c(m).
-9
Let d(j) = j**2 + 2*j. Suppose -6 = -12*y + 9*y. Calculate d(y).
8
Let j(l) be the first derivative of l**2/2 - 6. Let x(z) = -5*z - 1. Let d be x(-1). Let n be (-51)/12 - (-1)/d. What is j(n)?
-4
Let d(h) = h - 1. Suppose 0*z + 10 = 2*z. Suppose -q + z = 4*n, q = -0*n - 5*n + 6. Determine d(q).
0
Let o(w) be the third derivative of w**5/60 - w**4/6 + 5*w**3/6 - 2*w**2. Let i be 0 + 0 - (-8 - -4). Determine o(i).
5
Let u(q) = 3*q - 7. Let x be u(8). Let w(h) = -3*h + 2*h**3 - 14*h**2 + x*h**2 - h + 5*h - 1. Calculate w(-2).
-7
Let l(d) = -d**3 - 6*d**2 - 4*d + 3. Let a = 10 - 4. Suppose 5*n - 2*n = a. Suppose 0 = -3*g - w - 16, -19 = n*g + g + 4*w. Determine l(g).
-2
Suppose -5*o = -41 + 6. Let z = o - 6. Suppose -4*n - 21 + z = 0. Let d(a) = a**3 + 6*a**2 + 5*a - 2. Determine d(n).
-2
Let o = 50 - 46. Let m(j) be the third derivative of j**4/12 + j**3/6 + j**2. Give m(o).
9
Let r = 3 - 6. Suppose 2*m - 4 = -i, 0 = -i - 5*m - 2 + 9. Let v(z) = z**i + z + 2*z - 3 + 0. What is v(r)?
-3
Let v(p) = -p + 1. Let b(r) be the third derivative of 0*r + r**2 + 0 - 1/24*r**4 + 0*r**3. Let m(q) = -2*b(q) + v(q). Calculate m(-3).
-2
Let f(h) = h**3 - 4*h**2 - 6*h + 2. Let r = -10 - -10. Suppose r = -4*a - 2 + 22. Give f(a).
-3
Suppose -d + 4*f = -18, 2*d + 3*f + 1 = -7. Let o(h) = -2*h**2 - h**2 + h**d + 1 - h - h**2. Let i = -6 - -4. What is o(i)?
-9
Let y(t) = 5*t - 7 - t**2 - t + 6*t. Let c be y(9). Let v(w) = w**3 + 0*w**3 - 4*w + 3*w. Give v(c).
6
Let n(h) = h**2 - h + 6. Suppose 5*d + 10 = 4*o - 7, -o + d + 3 = 0. Suppose -3*w = 4*r + 1 - 17, 4*r = -5*w + 16. Let p be (0 - w)*1/o. Determine n(p).
6
Let b(p) = 13*p**2 + 1. Let s be b(1). Let k be 4/s + 37/(-7). Let g(q) = 9*q - 1. Let w(f) = 28*f. Let j(x) = 3*g(x) - w(x). Calculate j(k).
2
Suppose 16 = 4*v, -b = -6*b + 3*v - 17. Let h(s) be the first derivative of -7*s**5/20 - 3*s + 2. Let x(n) be the first derivative of h(n). What is x(b)?
7
Let x = 33 - 31. Let t(a) = -a**3 + a**2 - a + 2. Determine t(x).
-